. List the prime factors of p.
2, 3, 359
Let r(p) = 24*p**2 - 2*p + 1. Let w be r(1). Suppose -5*l + w = -2. What are the prime factors of l?
5
Let f = 7 + -7. Suppose -7*q + 3*q + 28 = f. What are the prime factors of q?
7
Let l(f) = f**2 + 10*f + 5. Let z be l(-10). Suppose -z*g + 10*g = 535. What are the prime factors of g?
107
Suppose 4*x = -4*u + 68, 6*u - 32 = -x + 2*u. List the prime factors of x.
2, 3
Let s be 3 + -48*(6 + -3) - -1. Let l = 236 + s. What are the prime factors of l?
2, 3
Let g(t) = -9 + 24*t - t**2 + 18*t - t. What are the prime factors of g(32)?
3, 31
Let r(i) = i + 17. Let b = 7 - 1. Let s be b/18*(0 - 0). What are the prime factors of r(s)?
17
Let v(w) = 4*w**2 + 4*w - 3. Let n(m) = m - 11. Suppose 5*g - 65 = 5*r, -3*r = -g + 14 - 1. Let b be n(g). What are the prime factors of v(b)?
3, 7
Suppose -109*q + 114*q + 20 = 0, -12068 = -3*h + 5*q. List the prime factors of h.
2, 251
What are the prime factors of 75*4/12*11 - -3?
2, 139
Suppose -704 = -9*w + 808. Suppose w = 6*j - 2*j. List the prime factors of j.
2, 3, 7
Let h = 4 + -2. What are the prime factors of (h - -2) + -1 + 69?
2, 3
Suppose n + 14 = 5*u - 0, -3*n = -5*u + 12. Suppose -u*c = 2*c + 185. Let d = c - -53. List the prime factors of d.
2
Suppose -10 = b - 6*b. Suppose 0*h - b*h = 3*g, -4*g - 14 = -2*h. Suppose -2*f = h*f - 135. What are the prime factors of f?
3
Suppose -2*n + 15 = -89. Let u = n + -12. What are the prime factors of u?
2, 5
Suppose o - 75 = -4*f + 4*o, 5*f - 4*o = 95. Let w = 16 - f. What are the prime factors of (0 - w)*-58 - 0?
2, 29
Suppose 19*v - 1275 = 14*v. What are the prime factors of v?
3, 5, 17
Suppose 14*j = 14154 + 8708. What are the prime factors of j?
23, 71
Let c(o) be the first derivative of -22*o**2 - 18*o + 29. What are the prime factors of c(-2)?
2, 5, 7
Let r be 6*((-28)/(-8) + -3). Suppose -325 = -4*v - r*o, -4*o + 235 = 4*v - v. Suppose 4*l = p - 0*l - 17, -5*p + v = -4*l. List the prime factors of p.
17
Let o = -85 - -158. Suppose 4*p = 155 + o. List the prime factors of p.
3, 19
Let v be (13*4)/(4/(7 + 1)). Suppose 2*g + 2*q - v = -q, 222 = 5*g - 2*q. List the prime factors of g.
2, 23
Let k = -1081 - -1916. List the prime factors of k.
5, 167
Let n(g) = -g - 11. Let y be n(13). Let f be ((-54)/y)/(6/16). List the prime factors of 2/(-1 - (-7)/f).
2, 3
Let m(h) = 19*h**2 - 25*h + 15. List the prime factors of m(-5).
3, 5, 41
Suppose -44*p + 2679 = -25*p. List the prime factors of p.
3, 47
Let z(p) = 7*p**3 + 3*p**2 + 10*p + 18. List the prime factors of z(6).
2, 3, 283
Let a(c) = c**3 - c**2 - 2*c + 3. Let y be a(2). Let n be 4 + 4 - 20/5. Suppose -n*w + 24 = -y*w. What are the prime factors of w?
2, 3
Let o = 3397 + -1988. List the prime factors of o.
1409
Let q(y) = 24*y + 72. List the prime factors of q(16).
2, 3, 19
Let k(b) = b**3 - b + 1. Let c be k(0). Let t be c + 2 - (-7)/7. Suppose 0*s = -2*s + 4*f + 60, 4*f + 128 = t*s. What are the prime factors of s?
2, 17
Let d = 42 - 49. What are the prime factors of 208 + (-24)/d + (-16)/(-28)?
2, 53
Let u(w) = -4*w**2 + 15*w - 12. Let d(k) = 1. Let b(f) = -3*d(f) - u(f). List the prime factors of b(6).
3, 7
Let n(u) = -9*u. Let w be n(-1). Let d(q) = -q + 20. What are the prime factors of d(w)?
11
Let q be (0 - 30)*4/10. Let w = -15 - -6. Let x = w - q. List the prime factors of x.
3
Suppose -6 = -4*v + 6. Suppose -v*i = -195 - 87. What are the prime factors of i?
2, 47
Let q(r) be the first derivative of -9 + 0*r + 3*r**2 - 1/3*r**3. List the prime factors of q(5).
5
Let o = -9 + 8. What are the prime factors of 6 + 49 - (o + 0)?
2, 7
Suppose 2*f = -4, 0*f + 2*f = -3*o + 284. Suppose 93 = 4*b - j, -4*b + o = -2*j - 2. What are the prime factors of b?
2, 11
Let m(v) = 845*v**3 - 4*v**2 + 5*v - 2. List the prime factors of m(1).
2, 211
Suppose 3*a = 6*a. Let m be (a - -2)/((-2)/(-4)). List the prime factors of (22/8)/(m/16).
11
Let b(p) = p + 12. Let c be b(-10). Suppose 6*z = c*z + 292. Let d = z + -45. What are the prime factors of d?
2, 7
Let c(d) = -d**2 - 23*d - 15. Suppose 20 = -2*x + 4*l, 4*x - 2*l = -47 - 23. What are the prime factors of c(x)?
3, 5
Let b(w) = -5*w**3 + 6*w**2 - 23*w - 1. Let c(r) = -2*r**3 - r - 4*r + 2*r**2 - 3*r. Let i(d) = -4*b(d) + 11*c(d). What are the prime factors of i(-3)?
2, 7
Let j = 26 + -33. Let y = j - -59. List the prime factors of y.
2, 13
Suppose -3*g - 7 = 20. Let d = g + 13. Suppose -4*h = 4*r - 83 - 41, -d*h + 120 = 5*r. What are the prime factors of h?
5, 7
What are the prime factors of 4944 - ((-15)/((-75)/(-10)) + 3)?
4943
Suppose -5*r = -9*r - 120. Let l = -24 - r. What are the prime factors of l?
2, 3
Suppose -h = -4*f - 847, -h - 5*f = -6*h + 4235. List the prime factors of h.
7, 11
Suppose -5 = -4*v + 3. Suppose 4*d - 50 = v*d. Suppose -5 = -5*l + d. What are the prime factors of l?
2, 3
Let k(m) = 2*m - 15. Let j be k(10). Suppose s - 41 + 6 = -2*a, j = s. What are the prime factors of a?
3, 5
Let m be 8/(-12)*3/2. Let y be (m/1)/((-2)/6). List the prime factors of (-90)/(-12)*4/y.
2, 5
Let h = 4193 - 2467. List the prime factors of h.
2, 863
Let p(w) = 13*w**2 - 8*w - 14. List the prime factors of p(-4).
2, 113
Let f be -1 + 2 - -1*41. Suppose 43*g - f*g - 29 = 0. What are the prime factors of g?
29
Suppose -6*p + 2*p + 60 = 3*a, -p - 4*a + 15 = 0. Suppose -p*o = -16*o + 3. Suppose -3*n - 2*n + o*t = -67, 0 = -3*n + 2*t + 41. List the prime factors of n.
11
Let b be (-1)/2 - 10/(-4). Suppose -4*l + l - 107 = -a, 3*a = b*l + 307. What are the prime factors of a?
101
Let t(f) = f**3 + 27*f**2 - 106*f + 71. List the prime factors of t(-25).
11, 19
Let f = 992 + 450. List the prime factors of f.
2, 7, 103
Let s = -88 - -61. Let a be (-21)/s + (-2)/(-9). What are the prime factors of (-2 + a)*-2 + 5?
7
Suppose 14*i + 57376 = 58*i. What are the prime factors of i?
2, 163
Suppose -3*g + z = 2*z + 12, 2*g + z + 9 = 0. Let f(t) = 4*t**2 - 3*t**2 + t - 4*t - 3 + 0*t. List the prime factors of f(g).
3, 5
Suppose -2*p - 60 + 84 = 0. Suppose 0 = p*w - 16*w + 148. What are the prime factors of w?
37
Let t(l) = 484*l**2 - 4*l - 2. What are the prime factors of t(1)?
2, 239
Let q(h) = 38*h + 178. List the prime factors of q(6).
2, 7, 29
Let k(q) = q**3 - q**2 + q + 85. Let u be k(0). Let i = u - 40. What are the prime factors of i?
3, 5
Suppose -7*r + 224 = -875. Suppose -3*z - j = -3*j - r, 2*j + 108 = 2*z. Suppose 2*b - 5*c = z, -b = -2*b - 2*c + 20. What are the prime factors of b?
2, 11
Suppose -5*w = -7*w + 1856. What are the prime factors of w?
2, 29
Suppose 0*s - 20 = 5*s. Let t(y) = -3*y - 4. Let b be t(s). Suppose -b = -3*a - a. List the prime factors of a.
2
Let b(a) = 3*a**2 + 7*a - 10. List the prime factors of b(13).
2, 3, 7
Let t(l) = -l + 5. Let r be t(6). Let n be (1 - -3 - 1)/r. Let g = 27 + n. List the prime factors of g.
2, 3
Let j(t) = -131*t - 20. What are the prime factors of j(-4)?
2, 3, 7
Suppose 0 = -26*o + 19542 + 1102. What are the prime factors of o?
2, 397
Let i(j) = -j**3 - 6*j**2 + 9*j + 16. Let x be i(-7). Suppose 0 = 3*q + x*q + 3*h - 72, 3*q + 2*h - 44 = 0. List the prime factors of q.
2, 3
Let f be 4264/143 - (0 + 4/(-22)). Suppose -140 + f = -z. What are the prime factors of z?
2, 5, 11
What are the prime factors of (69251/21)/13 - (-1)/3?
2, 127
Let l = 92 - 65. Suppose 4*g + l = 99. Suppose 3*b + 0*b = 2*t + g, 5*b + t = 30. List the prime factors of b.
2, 3
Let r be 15/(-9) + (-80)/(-12). Let q = -13 - -18. Suppose q*k + r*v = 85, 2*v + 16 = 6*v. What are the prime factors of k?
13
Suppose 3*g - 5*s - 27 = 0, -3*g + 21 = 2*s - 5*s. Let u be ((-4)/(-5))/(2/10). Suppose -g*r + 4*i = -24, 6*r - 2*r = -u*i + 24. List the prime factors of r.
2, 3
Let b(v) = 3*v + 4. Let h be b(-3). Let l be -3*((-10)/(-3))/h. Let z(x) = 16*x - 8. What are the prime factors of z(l)?
2, 3
Suppose 0 = 5*r - 27 + 107. Let f(x) = -7*x**2 - 31*x - 5. Let t(u) = -4*u**2 - 15*u - 2. Let p(y) = 3*f(y) - 5*t(y). What are the prime factors of p(r)?
3
Let y be 4*-1 - (-24)/8. Let t be y/(3/(422 + 1)). Let v = -85 - t. List the prime factors of v.
2, 7
Let a = -6 - -31. Let y = a - 0. List the prime factors of y.
5
Suppose 4*o - 5*n - 959 = -34, 2*o - 5*n = 455. Suppose -c + 93 = m, -m - 45 = 2*c - o. List the prime fa